s digit of 801?
1
What is the units digit of 4867?
7
What is the thousands digit of 52987?
2
What is the thousands digit of 4105?
4
What is the thousands digit of 27735?
7
What is the units digit of 430?
0
What is the units digit of 119160?
0
What is the units digit of 53?
3
What is the tens digit of 1713?
1
What is the units digit of 26137?
7
What is the tens digit of 1164?
6
What is the hundreds digit of 1040?
0
What is the tens digit of 2480?
8
What is the thousands digit of 17884?
7
What is the units digit of 50498?
8
What is the hundreds digit of 27765?
7
What is the thousands digit of 38137?
8
What is the ten thousands digit of 20752?
2
What is the tens digit of 67109?
0
What is the thousands digit of 1275?
1
What is the tens digit of 118655?
5
What is the units digit of 141536?
6
What is the hundreds digit of 3688?
6
What is the units digit of 2045?
5
What is the tens digit of 16662?
6
What is the units digit of 3183?
3
What is the units digit of 881?
1
What is the tens digit of 753?
5
What is the tens digit of 4272?
7
What is the hundreds digit of 571?
5
What is the thousands digit of 18154?
8
What is the tens digit of 16984?
8
What is the units digit of 962?
2
What is the hundreds digit of 4873?
8
What is the hundreds digit of 37987?
9
What is the thousands digit of 7292?
7
What is the hundreds digit of 1046?
0
What is the hundreds digit of 414?
4
What is the thousands digit of 28283?
8
What is the units digit of 601?
1
What is the tens digit of 7311?
1
What is the thousands digit of 1538?
1
What is the thousands digit of 2068?
2
What is the units digit of 25129?
9
What is the hundreds digit of 7761?
7
What is the hundreds digit of 9112?
1
What is the ten thousands digit of 14603?
1
What is the tens digit of 3677?
7
What is the hundreds digit of 11635?
6
What is the hundreds digit of 430?
4
What is the thousands digit of 17934?
7
What is the units digit of 1353?
3
What is the tens digit of 426?
2
What is the thousands digit of 4225?
4
What is the thousands digit of 65911?
5
What is the tens digit of 1248?
4
What is the thousands digit of 57862?
7
What is the units digit of 37?
7
What is the hundreds digit of 630?
6
What is the hundreds digit of 56434?
4
What is the units digit of 23892?
2
What is the hundreds digit of 53192?
1
What is the tens digit of 9321?
2
What is the thousands digit of 200106?
0
What is the thousands digit of 2873?
2
What is the hundreds digit of 2111?
1
What is the tens digit of 1900?
0
What is the hundreds digit of 1795?
7
What is the units digit of 306?
6
What is the thousands digit of 104971?
4
What is the thousands digit of 22690?
2
What is the hundreds digit of 4776?
7
What is the thousands digit of 6949?
6
What is the tens digit of 5090?
9
What is the hundreds digit of 856?
8
What is the thousands digit of 8863?
8
What is the tens digit of 108166?
6
What is the hundreds digit of 46481?
4
What is the tens digit of 8426?
2
What is the tens digit of 1048?
4
What is the thousands digit of 53917?
3
What is the ten thousands digit of 64772?
6
What is the units digit of 4956?
6
What is the units digit of 648?
8
What is the thousands digit of 9445?
9
What is the tens digit of 54622?
2
What is the tens digit of 6188?
8
What is the hundreds digit of 3057?
0
What is the hundreds digit of 289?
2
What is the hundreds digit of 4259?
2
What is the hundreds digit of 7902?
9
What is the tens digit of 35325?
2
What is the units digit of 1742?
2
What is the units digit of 412?
2
What is the hundreds digit of 488?
4
What is the ten thousands digit of 24650?
2
What is the tens digit of 992?
9
What is the hundreds digit of 3946?
9
What is the tens digit of 44048?
4
What is the units digit of 12506?
6
What is the ten thousands digit of 44046?
4
What is the units digit of 2024?
4
What is the tens digit of 26499?
9
What is the thousands digit of 3478?
3
What is the tens digit of 926?
2
What is the thousands digit of 30935?
0
What is the thousands digit of 20701?
0
What is the units digit of 29435?
5
What is the thousands digit of 20236?
0
What is the hundreds digit of 2386?
3
What is the hundreds digit of 1476?
4
What is the hundreds digit of 179079?
0
What is the tens digit of 4008?
0
What is the hundreds digit of 5981?
9
What is the units digit of 1642?
2
What is the hundreds digit of 11451?
4
What is the thousands digit of 2224?
2
What is the units digit of 1082?
2
What is the hundreds digit of 106302?
3
What is the units digit of 526?
6
What is the hundreds digit of 1957?
9
What is the hundreds digit of 1263?
2
What is the hundreds digit of 1397?
3
What is the tens digit of 30162?
6
What is the tens digit of 10191?
9
What is the units digit of 1518?
8
What is the units digit of 1582?
2
What is the units digit of 9188?
8
What is the tens digit of 49127?
2
What is the tens digit of 54765?
6
What is the units digit of 26397?
7
What is the tens digit of 46796?
9
What is the thousands digit of 2213?
2
What is the units digit of 85986?
6
What is the hundreds digit of 1548?
5
What is the units digit of 3003?
3
What is the tens digit of 380?
8
What is the tens digit of 151125?
2
What is the tens digit of 90521?
2
What is the hundreds digit of 5399?
3
What is the hundreds digit of 45034?
0
What is the thousands digit of 9052?
9
What is the tens digit of 736?
3
What is the hundreds digit of 2636?
6
What is the hundred thousands digit of 108384?
1
What is the tens digit of 849?
4
What is the units digit of 656?
6
What is the hundreds digit of 631?
6
What is the tens digit of 25?
2
What is the hundreds digit of 11326?
3
What is the tens digit of 2563?
6
What is the hundreds digit of 1059?
0
What is the units digit of 6859?
9
What is the units digit of 7492?
2
What is the units digit of 1608?
8
What is the thousands digit of 4848?
4
What is the units digit of 1795?
5
What is the hundreds digit of 835?
8
What is the ten thousands digit of 77919?
7
What is the thousands digit of 1192?
1
What is the units digit of 19779?
9
What is the units digit of 1157?
7
What is the tens digit of 2499?
9
What is the units digit of 902?
2
What is the thousands digit of 13789?
3
What is the hundreds digit of 503?
5
What is the hundreds digit of 6947?
9
What is the hundreds digit of 1624?
6
What is the hundreds digit of 16095?
0
What is the thousands digit of 7209?
7
What is the units digit of 86686?
6
What is the tens digit of 23233?
3
What is the hundreds digit of 14875?
8
What is the tens digit of 23162?
6
What is the hundreds digit of 28616?
6
What is the tens digit of 1051?
5
What is the units digit of 721?
1
What is the hundreds digit of 57755?
7
What is the thousands digit of 1674?
1
What is the tens digit of 822?
2
What is the hundreds digit of 11517?
5
What is the tens digit of 15600?
0
What is the thousands digit of 1794?
1
What is the units digit of 34355?
5
What is the hundreds digit of 2793?
7
What is the tens digit of 242?
4
What is the units digit of 883?
3
What is the units digit of 2546?
6
What is the ten thousands digit of 26675?
2
What is the thousands digit of 6209?
6
What is the hundreds digit of 4389?
3
What is the ten thousands digit of 12787?
1
What is the units digit of 4618?
8
What is the thousands digit of 3823?
3
What is the hundreds digit of 30897?
8
What is the units digit of 3093?
3
What is the thousands digit of 11040?
1
What is the thousands digit of 49266?
9
What is the ten thousands digit of 142976?
4
What is the tens digit of 17002?
0
What is the hundreds digit of 238?
2
What is the units digit of 2367?
7
What is the hundreds digit of 44200?
2
What is the thousands digit of 23897?
3
What is the units digit of 462?
2
What is the tens digit of 9158?
5
What is the units digit of 14470?
0
What is the thousands digit of 1723?
1
What is the ten thousands digit of 11671?
1
What is the units digit of 539?
9
What is the hundreds digit of 76470?
4
What is the units digit of 3064?
4
What is the units digit of 1124?
4
What is the tens digit of 1007?
0
What is the units digit of 630?
0
What is the tens digit of 7339?
3
What is the units digit of 2295?
5
What is the tens digit of 1624?
2
What is the units digit of 1677?
7
What is the tens digit of 16048?
4
What is the thousands digit of 190000?
0
What is the units digit of 22198?
8
